 -5*k - 3*x, -x = -3*k + q*x + 53. List the prime factors of k.
2
Let y(r) = 3*r**2 + 4*r + 5. Let t be y(-2). Let l(x) = -x**3 + 8*x**2 + 11*x - 13. List the prime factors of l(t).
5
Let a = 27 - 3. List the prime factors of a.
2, 3
Let j(r) = -7*r + 5. Let t(f) = 4*f - 3. Let s(a) = -6*j(a) - 10*t(a). Let l be s(1). Suppose 0 = -l*m - 0 + 6. What are the prime factors of m?
3
List the prime factors of 4 + -3 + 13 + -1.
13
Let h = 117 - -164. What are the prime factors of h?
281
Suppose 4*r - 3*y - 2*y = 233, -4*y - 20 = 0. List the prime factors of r.
2, 13
Let q(r) = 15*r - 14. List the prime factors of q(6).
2, 19
Let b = -28 - -59. Suppose -4*c + b = j, 0*c - 3*c = 4*j - 111. What are the prime factors of j?
3
Let x = 14 - -21. List the prime factors of x.
5, 7
Let t be ((-14)/5)/((-5)/(-150)). Let v = t - -125. Suppose -v + 1 = -5*c. List the prime factors of c.
2
Let t(h) = -7*h**3 + h**2 - 6*h + 3. Let m(s) = -13*s**3 + s**2 - 11*s + 5. Let r(v) = -6*m(v) + 11*t(v). List the prime factors of r(-5).
3
Suppose -5*z = -4*r - 16, 2*z - 2*r = -3*z + 18. List the prime factors of z.
2
Suppose 0 = -3*j + 15 - 0. Suppose -4*z - 66 = -5*c, -z = j*c + 2*z - 38. List the prime factors of c.
2, 5
Let w(q) = -5*q**3 + 2*q**2 + 2. Let o be w(-2). Suppose -t - 5*s + 9 = -3*s, 0 = 5*t + s - 18. Suppose o = 2*j + t*j. List the prime factors of j.
2, 5
Suppose 3*b + 20 = -b. What are the prime factors of ((-14)/b)/((-2)/(-10))?
2, 7
Let u = 14 - -9. What are the prime factors of u?
23
Let z(r) = 4*r - 15. What are the prime factors of z(17)?
53
Let t = 66 - 23. What are the prime factors of t?
43
What are the prime factors of (-3 - -4) + -1 - -39?
3, 13
Let s(m) be the first derivative of 5*m**3/3 - m**2/2 - 3*m - 4. What are the prime factors of s(-2)?
19
Suppose 4*f - 5*f + 4 = 0. Suppose f*j = -1 + 29. What are the prime factors of j?
7
Let q(k) = -8*k**2 + k + 1. Let g be q(2). Let a = -18 - g. List the prime factors of a.
11
Let h be 1 + (2 - (-342)/2). What are the prime factors of 3/(-4) + h/8?
3, 7
Suppose 0*h - 2*h = 5*v + 2, -5*h = 5*v + 5. Let l be (-50)/2 + 2 + h. List the prime factors of (-5)/(45/l)*3.
2
Let a(k) = k**2 - 7*k + 26. List the prime factors of a(18).
2, 7
Let p be (-2 - 1) + 2 + 1. List the prime factors of (-10)/((-4)/8 + p).
2, 5
Suppose 2*s + 20 = 3*s + 2*b, 2*s + 3*b = 37. What are the prime factors of s?
2, 7
Let a = 95 + 0. List the prime factors of a.
5, 19
Let o(q) = q - 1. Let n be o(1). Suppose 2*i - 12 + n = 0. Let h(b) = -b**2 + 6*b + 7. List the prime factors of h(i).
7
Let m = 64 - 39. What are the prime factors of m?
5
Let s(r) = 6*r - 1. Suppose 0 = 2*t + 2 - 4. Let m be s(t). Suppose 100 = m*p - 3*g, -5*g = -4*p + 83 + 10. What are the prime factors of p?
17
Suppose -5*l + 260 = -0*l. List the prime factors of l.
2, 13
Suppose -4*m - 5*c - 53 = 0, -6*m + c - 59 = -m. Let o(q) = q**2 + 10*q + 15. List the prime factors of o(m).
3, 13
Let q = -60 - -121. Suppose -4*n = v - 117, -2*v + v = 2*n - q. What are the prime factors of n?
2, 7
List the prime factors of 11/(-22) + (-75)/(-2).
37
Let s(n) = n**3 + 3*n**2 - 1. Let t be s(2). Suppose j - 13 = t. List the prime factors of j.
2
Let i(x) = x**2 - 5*x - 2. Let y be i(5). Let j = y - -4. Let n = 7 - j. List the prime factors of n.
5
What are the prime factors of (-7 - -14)/(2 - 55/28)?
2, 7
Suppose 0 = -3*q + 3*d - 63, 0*q + q + 3*d + 37 = 0. Let z = q + 39. Suppose 0 = 2*f - z. List the prime factors of f.
7
Suppose n - 8 = -4*t - 1, 2*n + t - 28 = 0. What are the prime factors of ((-10)/n)/((-4)/138)?
23
Suppose -3*h + 0*l + 192 = 3*l, -4*l + 52 = h. What are the prime factors of h?
2, 17
What are the prime factors of (-1)/((-1)/262) - -1?
263
Let n = 24 + -17. Let j = n + 8. List the prime factors of j.
3, 5
Suppose -8*u + 4*u + 32 = 0. Let z be (2/6)/(u/528). Let j = z + -1. What are the prime factors of j?
3, 7
Let r be (-3)/6 - 3/(-2). Suppose 5*h - 29 - r = 0. List the prime factors of h.
2, 3
Let k be (16/6)/(2/6). Let i(c) = c**3 - 8*c**2 - c. Let x be i(k). Let n = x + 19. What are the prime factors of n?
11
Let z(l) be the second derivative of -l**5/20 + 7*l**4/12 + 7*l**3/6 + 11*l**2/2 + 3*l. Let c be (2 + 1)/((-3)/(-8)). List the prime factors of z(c).
3
Let i = -3 - -3. Let x = i - -4. List the prime factors of x.
2
Let p(z) = 5*z - 3. Let m = 11 - 7. List the prime factors of p(m).
17
Suppose -5*m - 5*a + 270 = 0, 0*m + 120 = 2*m + 5*a. Suppose -3*t + 5*f = 2*t - m, f = -4. What are the prime factors of t?
2, 3
Let t be (-711)/(-27) - (-2)/(-6). Suppose 2*j + t = 4*j. List the prime factors of j.
13
Suppose -2*p = 4*a - 40, -a = 3*p + 4*a - 61. Suppose -2*i + 4 = -p. Suppose 0 = 4*k - i - 19. List the prime factors of k.
2
Let l = 2 - -16. Suppose y - l + 0 = 0. Suppose -5*a - y = -68. What are the prime factors of a?
2, 5
Let k = -11 + 41. What are the prime factors of k?
2, 3, 5
Let t(n) = -8*n**3 + 2*n**2 - n. Let l be t(1). List the prime factors of (20/l)/((-2)/7).
2, 5
Suppose 64 + 8 = 3*j. Suppose -2*t - t = -j. What are the prime factors of t?
2
Suppose -2*p - 2*l = -5*l - 67, -3*l = 15. Let h be 48/10 - (-7)/35. Suppose h*a + p = 7*a. What are the prime factors of a?
13
Suppose 3*v - 7 = 11. What are the prime factors of (2 + 46)/(v/4)?
2
Let z = -1 - 5. Let l(m) = 2*m + 3. Let v be l(z). Let n = -4 - v. List the prime factors of n.
5
Suppose r - 2 = 1. Suppose 12 = r*t + t. Suppose 8 = t*p - 10. List the prime factors of p.
2, 3
Suppose 0 = 5*v - 46 - 209. Suppose -4*w = 5*c - v, -c + 5*c - 12 = 4*w. What are the prime factors of c?
7
Suppose -48*m = -49*m + 48. What are the prime factors of m?
2, 3
Let f = 223 + 80. List the prime factors of f.
3, 101
Let j be ((-2)/6)/(2/(-618)). Suppose 4*f = -2*s + 188, 4*s + j + 27 = 3*f. What are the prime factors of f?
2, 23
Let k(u) be the second derivative of -u**5/20 + u**4/3 + 5*u**3/6 - u**2/2 + 3*u. What are the prime factors of k(4)?
19
Let o(u) = 9*u**2 + 16*u - 7. List the prime factors of o(5).
2, 149
Suppose -174 = -2*t - 4*k, 5 = k - 2*k. What are the prime factors of t?
97
Let w(v) = -v - 9. Let d be w(-7). Let l be (2 - 0 - 3)*d. Suppose 2*z - 5*s = 12, l*z - 2 = s + 10. What are the prime factors of z?
2, 3
Let q(p) be the third derivative of p**5/30 + p**4/24 + p**3/6 - 4*p**2. List the prime factors of q(-1).
2
Let h = -1 + 18. Let k = h + -10. Let q = k + -1. What are the prime factors of q?
2, 3
Suppose 0*n - 4*u = -n - 1, 4*u = -2*n - 2. List the prime factors of (0 + -3)*n + 0.
3
Suppose 3*k - 4*p = 9, -p = 4*k - 2*p - 12. Suppose 3*l - 2*g = -l + 548, 418 = k*l - 5*g. What are the prime factors of (l/4)/(4 + -2)?
17
Suppose 3*s + 140 = 5*a, 0 = -3*a + 5*s + 36 + 48. List the prime factors of a.
2, 7
Let h = 33 - -102. What are the prime factors of h?
3, 5
Let i(s) = -s + 2. Let g be i(0). Suppose -g*r + 9 - 1 = 0. List the prime factors of (-3)/r - (-474)/24.
19
Let d(q) = -q**3 + 10*q**2 - 12*q + 1. What are the prime factors of d(6)?
73
Let l(p) = 165*p - 30. What are the prime factors of l(2)?
2, 3, 5
Let i(q) = 2*q**3 - 2*q**2 - 2. Let m be i(2). Suppose y - m = -3. What are the prime factors of y?
3
List the prime factors of 86/18 + 0 + 128/576.
5
Let w = -77 - -46. Let a = w + 43. List the prime factors of a.
2, 3
Let n(p) = -2*p**2 + 19 - 7*p - 4*p**2 - 18*p. Let z(b) = -b**2 - 5*b + 4. Let l(t) = -2*n(t) + 11*z(t). List the prime factors of l(5).
2, 3
Suppose 15*q - 9*q - 1074 = 0. List the prime factors of q.
179
Suppose -3*o - 1 + 46 = 0. Suppose 3*h - k - o + 4 = 0, 0 = h + 3*k + 3. Suppose 0*u = -h*u + 69. List the prime factors of u.
23
Suppose -4*u = u. Suppose 4*q + 5 + 83 = u. Let w = q - -37. List the prime factors of w.
3, 5
Let t = 1 - 3. Suppose -m - m + 18 = 0. Let p = t + m. List the prime factors of p.
7
Let i be (6/(-4))/((-3)/8). Suppose b + 4*j = 3*j + i, -3*b + 33 = -4*j. What are the prime factors of b?
7
Let p = -33 - -30. Let y(l) be the first derivative of -l**2/2 - l - 1. List the prime factors of y(p).
2
List the prime factors of 3/12 - (-310)/8.
3, 13
Let o(k) be the first derivative of -k**3/3 - 5*k**2 - 4*k + 2. List the prime factors of o(-9).
5
Let s = 12 - 7. Let v be s/20 + (-11)/(-4). Suppose 3*o - 2*r - 1 = v, 8 = -o + 3*r. What 